{"id":5496,"date":"2025-01-03T04:04:14","date_gmt":"2025-01-03T03:04:14","guid":{"rendered":"https:\/\/hanf.com\/info\/?page_id=5496"},"modified":"2025-02-07T08:42:20","modified_gmt":"2025-02-07T07:42:20","slug":"franchise","status":"publish","type":"page","link":"https:\/\/hanf.com\/info\/franchise\/","title":{"rendered":"Franchise"},"content":{"rendered":"","protected":false},"excerpt":{"rendered":"","protected":false},"author":3,"featured_media":0,"parent":0,"menu_order":0,"comment_status":"closed","ping_status":"closed","template":"","meta":{"_acf_changed":false,"_seopress_robots_primary_cat":"","_seopress_titles_title":"HANF.com Franchise: Dein Einstieg in die Hanf-Branche","_seopress_titles_desc":"Er\u00f6ffne dein eigenes HANF Franchise und werde Teil einer wachsenden Branche. Profitiere von einem bew\u00e4hrten Konzept und umfassender Unterst\u00fctzung!","_seopress_robots_index":"","footnotes":""},"class_list":["post-5496","page","type-page","status-publish","hentry"],"acf":[],"_links":{"self":[{"href":"https:\/\/hanf.com\/info\/wp-json\/wp\/v2\/pages\/5496","targetHints":{"allow":["GET"]}}],"collection":[{"href":"https:\/\/hanf.com\/info\/wp-json\/wp\/v2\/pages"}],"about":[{"href":"https:\/\/hanf.com\/info\/wp-json\/wp\/v2\/types\/page"}],"author":[{"embeddable":true,"href":"https:\/\/hanf.com\/info\/wp-json\/wp\/v2\/users\/3"}],"replies":[{"embeddable":true,"href":"https:\/\/hanf.com\/info\/wp-json\/wp\/v2\/comments?post=5496"}],"version-history":[{"count":2,"href":"https:\/\/hanf.com\/info\/wp-json\/wp\/v2\/pages\/5496\/revisions"}],"predecessor-version":[{"id":6883,"href":"https:\/\/hanf.com\/info\/wp-json\/wp\/v2\/pages\/5496\/revisions\/6883"}],"wp:attachment":[{"href":"https:\/\/hanf.com\/info\/wp-json\/wp\/v2\/media?parent=5496"}],"curies":[{"name":"wp","href":"https:\/\/api.w.org\/{rel}","templated":true}]}}